{"id":2425,"date":"2024-06-11T22:59:15","date_gmt":"2024-06-11T20:59:15","guid":{"rendered":"https:\/\/projekt.pociagdokariery.pl\/cms\/?page_id=2425"},"modified":"2025-08-28T08:50:28","modified_gmt":"2025-08-28T06:50:28","slug":"dla-dostawcy","status":"publish","type":"page","link":"https:\/\/projekt.pociagdokariery.pl\/cms\/dla-dostawcy\/","title":{"rendered":"Dla Dostawcy us\u0142ug"},"content":{"rendered":"\t\t<div data-elementor-type=\"wp-page\" data-elementor-id=\"2425\" class=\"elementor elementor-2425\">\n\t\t\t\t<div class=\"elementor-element elementor-element-69b546ba e-flex e-con-boxed e-con e-parent\" data-id=\"69b546ba\" data-element_type=\"container\" data-e-type=\"container\">\n\t\t\t\t\t<div class=\"e-con-inner\">\n\t\t<div class=\"elementor-element elementor-element-12d15ddf e-flex e-con-boxed e-con e-child\" data-id=\"12d15ddf\" data-element_type=\"container\" data-e-type=\"container\">\n\t\t\t\t\t<div class=\"e-con-inner\">\n\t\t\t\t<div class=\"elementor-element elementor-element-397fd336 elementor-widget elementor-widget-heading\" data-id=\"397fd336\" data-element_type=\"widget\" data-e-type=\"widget\" data-widget_type=\"heading.default\">\n\t\t\t\t<div class=\"elementor-widget-container\">\n\t\t\t\t\t<h2 class=\"elementor-heading-title elementor-size-default\">Dla Dostawcy us\u0142ug<\/h2>\t\t\t\t<\/div>\n\t\t\t\t<\/div>\n\t\t<div class=\"elementor-element elementor-element-2f5ae98f e-flex e-con-boxed e-con e-child\" data-id=\"2f5ae98f\" data-element_type=\"container\" data-e-type=\"container\">\n\t\t\t\t\t<div class=\"e-con-inner\">\n\t\t<div class=\"elementor-element elementor-element-38f431e7 e-flex e-con-boxed e-con e-child\" data-id=\"38f431e7\" data-element_type=\"container\" data-e-type=\"container\">\n\t\t\t\t\t<div class=\"e-con-inner\">\n\t\t\t\t<div class=\"elementor-element elementor-element-490bf71c elementor-widget__width-initial elementor-widget elementor-widget-html\" data-id=\"490bf71c\" data-element_type=\"widget\" data-e-type=\"widget\" data-widget_type=\"html.default\">\n\t\t\t\t<div class=\"elementor-widget-container\">\n\t\t\t\t\t<a href=\"https:\/\/projekt.pociagdokariery.pl\/cms\/podstawowe-informacje-o-projekcie\/\" class=\"kafelek\">\r\n    <div class=\"kafelek-wnetrze\" style=\"background-image: url('https:\/\/projekt.pociagdokariery.pl\/cms\/wp-content\/uploads\/2024\/12\/AdobeStock_199123040a.png');\">\r\n        <p class=\"kafelek-tekst\">Podstawowe informacje o projekcie<\/p>\r\n    <\/div>\r\n<\/a>\r\n\t\t\t\t<\/div>\n\t\t\t\t<\/div>\n\t\t\t\t\t<\/div>\n\t\t\t\t<\/div>\n\t\t<div class=\"elementor-element elementor-element-615cce5d e-flex e-con-boxed e-con e-child\" data-id=\"615cce5d\" data-element_type=\"container\" data-e-type=\"container\">\n\t\t\t\t\t<div class=\"e-con-inner\">\n\t\t\t\t<div class=\"elementor-element elementor-element-1ce990fa elementor-widget__width-initial elementor-widget elementor-widget-html\" data-id=\"1ce990fa\" data-element_type=\"widget\" data-e-type=\"widget\" data-widget_type=\"html.default\">\n\t\t\t\t<div class=\"elementor-widget-container\">\n\t\t\t\t\t<a href=\"https:\/\/projekt.pociagdokariery.pl\/cms\/regulamin-wspolpracy-i-wzory-dokumentow\" class=\"kafelek\">\r\n    <div class=\"kafelek-wnetrze\" style=\"background-image: url('https:\/\/projekt.pociagdokariery.pl\/cms\/wp-content\/uploads\/2024\/12\/2151023395a.png');\">\r\n        <p class=\"kafelek-tekst\">Regulamin i wzory dokument\u00f3w<\/p>\r\n    <\/div>\r\n<\/a>\r\n\t\t\t\t<\/div>\n\t\t\t\t<\/div>\n\t\t\t\t\t<\/div>\n\t\t\t\t<\/div>\n\t\t<div class=\"elementor-element elementor-element-386b0a30 e-flex e-con-boxed e-con e-child\" data-id=\"386b0a30\" data-element_type=\"container\" data-e-type=\"container\">\n\t\t\t\t\t<div class=\"e-con-inner\">\n\t\t\t\t<div class=\"elementor-element elementor-element-6ebc66fb elementor-widget__width-initial elementor-widget elementor-widget-html\" data-id=\"6ebc66fb\" data-element_type=\"widget\" data-e-type=\"widget\" data-widget_type=\"html.default\">\n\t\t\t\t<div class=\"elementor-widget-container\">\n\t\t\t\t\t<a href=\"https:\/\/projekt.pociagdokariery.pl\/cms\/zasady-rezerwacji-i-rozliczania-bonow\" class=\"kafelek\">\r\n    <div class=\"kafelek-wnetrze\" style=\"background-image: url('https:\/\/projekt.pociagdokariery.pl\/cms\/wp-content\/uploads\/2024\/12\/15994GG.png');\">\r\n        <p class=\"kafelek-tekst\">Zasady rezerwacji i rozliczania bon\u00f3w<\/p>\r\n    <\/div>\r\n<\/a>\t\t\t\t<\/div>\n\t\t\t\t<\/div>\n\t\t\t\t\t<\/div>\n\t\t\t\t<\/div>\n\t\t<div class=\"elementor-element elementor-element-4baa6f7 e-flex e-con-boxed e-con e-child\" data-id=\"4baa6f7\" data-element_type=\"container\" data-e-type=\"container\">\n\t\t\t\t\t<div class=\"e-con-inner\">\n\t\t\t\t<div class=\"elementor-element elementor-element-e0cacbd elementor-widget__width-initial elementor-widget elementor-widget-html\" data-id=\"e0cacbd\" data-element_type=\"widget\" data-e-type=\"widget\" data-widget_type=\"html.default\">\n\t\t\t\t<div class=\"elementor-widget-container\">\n\t\t\t\t\t<a href=\"https:\/\/www.projekt.pociagdokariery.pl\/cms\/lista-du\" class=\"kafelek\">\r\n    <div class=\"kafelek-wnetrze\" style=\"background-image: url('https:\/\/projekt.pociagdokariery.pl\/cms\/wp-content\/uploads\/2024\/12\/AdobeStock_570791958.png');\">\r\n        <p class=\"kafelek-tekst\">Lista Dostawc\u00f3w us\u0142ug<\/p>\r\n    <\/div>\r\n<\/a>\r\n\t\t\t\t<\/div>\n\t\t\t\t<\/div>\n\t\t\t\t\t<\/div>\n\t\t\t\t<\/div>\n\t\t\t\t\t<\/div>\n\t\t\t\t<\/div>\n\t\t<div class=\"elementor-element elementor-element-f6bb956 e-con-full e-flex e-con e-child\" data-id=\"f6bb956\" data-element_type=\"container\" data-e-type=\"container\">\n\t\t<div class=\"elementor-element elementor-element-9834a74 e-flex e-con-boxed e-con e-child\" data-id=\"9834a74\" data-element_type=\"container\" data-e-type=\"container\">\n\t\t\t\t\t<div class=\"e-con-inner\">\n\t\t\t\t<div class=\"elementor-element elementor-element-5cbec96 elementor-widget__width-initial elementor-widget elementor-widget-html\" data-id=\"5cbec96\" data-element_type=\"widget\" data-e-type=\"widget\" data-widget_type=\"html.default\">\n\t\t\t\t<div class=\"elementor-widget-container\">\n\t\t\t\t\t<a href=\"https:\/\/projekt.pociagdokariery.pl\/storage\/shares\/MP%20instytucje%20szkoleniowe\/Zasady-przeprowadzania-wizyt-monitoringowych-Dostawcy-Uslug.pdf?x67117\" class=\"kafelek\">\r\n    <div class=\"kafelek-wnetrze\" style=\"background-image: url('https:\/\/projekt.pociagdokariery.pl\/cms\/wp-content\/uploads\/2024\/12\/AdobeStock_969327829aa.png');\">\r\n        <p class=\"kafelek-tekst\">Zasady przeprowadzania monitoring\u00f3w<\/p>\r\n    <\/div>\r\n<\/a>\t\t\t\t<\/div>\n\t\t\t\t<\/div>\n\t\t\t\t\t<\/div>\n\t\t\t\t<\/div>\n\t\t<div class=\"elementor-element elementor-element-e8777fb e-flex e-con-boxed e-con e-child\" data-id=\"e8777fb\" data-element_type=\"container\" data-e-type=\"container\">\n\t\t\t\t\t<div class=\"e-con-inner\">\n\t\t\t\t<div class=\"elementor-element elementor-element-af78e58 elementor-widget__width-initial elementor-widget elementor-widget-html\" data-id=\"af78e58\" data-element_type=\"widget\" data-e-type=\"widget\" data-widget_type=\"html.default\">\n\t\t\t\t<div class=\"elementor-widget-container\">\n\t\t\t\t\t<a href=\"https:\/\/projekt.pociagdokariery.pl\/cms\/bannery-do-pobrania\/\" class=\"kafelek\">\r\n    <div class=\"kafelek-wnetrze\" style=\"background-image: url('https:\/\/projekt.pociagdokariery.pl\/cms\/wp-content\/uploads\/2024\/12\/AdobeStock_192793175a-scaled.jpg');\">\r\n        <p class=\"kafelek-tekst\">Bannery do pobrania<\/p>\r\n    <\/div>\r\n<\/a>\r\n\t\t\t\t<\/div>\n\t\t\t\t<\/div>\n\t\t\t\t\t<\/div>\n\t\t\t\t<\/div>\n\t\t<div class=\"elementor-element elementor-element-d0e9e8a e-flex e-con-boxed e-con e-child\" data-id=\"d0e9e8a\" data-element_type=\"container\" data-e-type=\"container\">\n\t\t\t\t\t<div class=\"e-con-inner\">\n\t\t\t\t<div class=\"elementor-element elementor-element-6fb2705 elementor-widget__width-initial elementor-widget elementor-widget-html\" data-id=\"6fb2705\" data-element_type=\"widget\" data-e-type=\"widget\" data-widget_type=\"html.default\">\n\t\t\t\t<div class=\"elementor-widget-container\">\n\t\t\t\t\t<a href=\"https:\/\/projekt.pociagdokariery.pl\/cms\/klauzula-informacyjna\/\" class=\"kafelek\">\r\n    <div class=\"kafelek-wnetrze\" style=\"background-image: url('https:\/\/projekt.pociagdokariery.pl\/cms\/wp-content\/uploads\/2024\/12\/AdobeStock_267991674a.png');\">\r\n        <p class=\"kafelek-tekst\">Jak przetwarzamy dane Uczestnik\u00f3w<\/p>\r\n    <\/div>\r\n<\/a>\r\n\t\t\t\t<\/div>\n\t\t\t\t<\/div>\n\t\t\t\t\t<\/div>\n\t\t\t\t<\/div>\n\t\t<div class=\"elementor-element elementor-element-53b302d e-con-full e-flex e-con e-child\" data-id=\"53b302d\" data-element_type=\"container\" data-e-type=\"container\">\n\t\t\t\t<div class=\"elementor-element elementor-element-ed3f0ea elementor-widget__width-initial elementor-widget elementor-widget-html\" data-id=\"ed3f0ea\" data-element_type=\"widget\" data-e-type=\"widget\" data-widget_type=\"html.default\">\n\t\t\t\t<div class=\"elementor-widget-container\">\n\t\t\t\t\t<a href=\"https:\/\/projekt.pociagdokariery.pl\/cms\/najczesciej-zadawane-pytania-dostawcow-uslug\/\" class=\"kafelek\">\r\n    <div class=\"kafelek-wnetrze\" style=\"background-image: url('https:\/\/projekt.pociagdokariery.pl\/cms\/wp-content\/uploads\/2024\/09\/FAQ.png');\">\r\n        <p class=\"kafelek-tekst\">Najcz\u0119\u015bciej zadawane pytania<\/p>\r\n    <\/div>\r\n<\/a>\r\n\t\t\t\t<\/div>\n\t\t\t\t<\/div>\n\t\t\t\t<\/div>\n\t\t\t\t<\/div>\n\t\t\t\t\t<\/div>\n\t\t\t\t<\/div>\n\t\t\t\t\t<\/div>\n\t\t\t\t<\/div>\n\t\t\t\t<\/div>\n\t\t","protected":false},"excerpt":{"rendered":"<p>Dla Dostawcy us\u0142ug Podstawowe informacje o projekcie Regulamin i wzory dokument\u00f3w Zasady rezerwacji i rozliczania bon\u00f3w Lista Dostawc\u00f3w us\u0142ug Zasady przeprowadzania monitoring\u00f3w Bannery do pobrania Jak przetwarzamy dane Uczestnik\u00f3w Najcz\u0119\u015bciej zadawane pytania<\/p>\n","protected":false},"author":1,"featured_media":0,"parent":0,"menu_order":0,"comment_status":"closed","ping_status":"closed","template":"","meta":{"_acf_changed":false,"site-sidebar-layout":"no-sidebar","site-content-layout":"page-builder","ast-site-content-layout":"full-width-container","site-content-style":"default","site-sidebar-style":"default","ast-global-header-display":"","ast-banner-title-visibility":"","ast-main-header-display":"","ast-hfb-above-header-display":"","ast-hfb-below-header-display":"","ast-hfb-mobile-header-display":"","site-post-title":"disabled","ast-breadcrumbs-content":"","ast-featured-img":"disabled","footer-sml-layout":"","ast-disable-related-posts":"","theme-transparent-header-meta":"","adv-header-id-meta":"","stick-header-meta":"","header-above-stick-meta":"","header-main-stick-meta":"","header-below-stick-meta":"","astra-migrate-meta-layouts":"set","ast-page-background-enabled":"default","ast-page-background-meta":{"desktop":{"background-color":"var(--ast-global-color-4)","background-image":"","background-repeat":"repeat","background-position":"center center","background-size":"auto","background-attachment":"scroll","background-type":"","background-media":"","overlay-type":"","overlay-color":"","overlay-opacity":"","overlay-gradient":""},"tablet":{"background-color":"","background-image":"","background-repeat":"repeat","background-position":"center center","background-size":"auto","background-attachment":"scroll","background-type":"","background-media":"","overlay-type":"","overlay-color":"","overlay-opacity":"","overlay-gradient":""},"mobile":{"background-color":"","background-image":"","background-repeat":"repeat","background-position":"center center","background-size":"auto","background-attachment":"scroll","background-type":"","background-media":"","overlay-type":"","overlay-color":"","overlay-opacity":"","overlay-gradient":""}},"ast-content-background-meta":{"desktop":{"background-color":"var(--ast-global-color-5)","background-image":"","background-repeat":"repeat","background-position":"center center","background-size":"auto","background-attachment":"scroll","background-type":"","background-media":"","overlay-type":"","overlay-color":"","overlay-opacity":"","overlay-gradient":""},"tablet":{"background-color":"var(--ast-global-color-5)","background-image":"","background-repeat":"repeat","background-position":"center center","background-size":"auto","background-attachment":"scroll","background-type":"","background-media":"","overlay-type":"","overlay-color":"","overlay-opacity":"","overlay-gradient":""},"mobile":{"background-color":"var(--ast-global-color-5)","background-image":"","background-repeat":"repeat","background-position":"center center","background-size":"auto","background-attachment":"scroll","background-type":"","background-media":"","overlay-type":"","overlay-color":"","overlay-opacity":"","overlay-gradient":""}},"footnotes":""},"class_list":["post-2425","page","type-page","status-publish","hentry"],"acf":[],"_links":{"self":[{"href":"https:\/\/projekt.pociagdokariery.pl\/cms\/wp-json\/wp\/v2\/pages\/2425","targetHints":{"allow":["GET"]}}],"collection":[{"href":"https:\/\/projekt.pociagdokariery.pl\/cms\/wp-json\/wp\/v2\/pages"}],"about":[{"href":"https:\/\/projekt.pociagdokariery.pl\/cms\/wp-json\/wp\/v2\/types\/page"}],"author":[{"embeddable":true,"href":"https:\/\/projekt.pociagdokariery.pl\/cms\/wp-json\/wp\/v2\/users\/1"}],"replies":[{"embeddable":true,"href":"https:\/\/projekt.pociagdokariery.pl\/cms\/wp-json\/wp\/v2\/comments?post=2425"}],"version-history":[{"count":113,"href":"https:\/\/projekt.pociagdokariery.pl\/cms\/wp-json\/wp\/v2\/pages\/2425\/revisions"}],"predecessor-version":[{"id":9651,"href":"https:\/\/projekt.pociagdokariery.pl\/cms\/wp-json\/wp\/v2\/pages\/2425\/revisions\/9651"}],"wp:attachment":[{"href":"https:\/\/projekt.pociagdokariery.pl\/cms\/wp-json\/wp\/v2\/media?parent=2425"}],"curies":[{"name":"wp","href":"https:\/\/api.w.org\/{rel}","templated":true}]}}