{"id":6360,"date":"2024-09-22T21:18:28","date_gmt":"2024-09-22T19:18:28","guid":{"rendered":"https:\/\/projekt.pociagdokariery.pl\/cms\/?page_id=6360"},"modified":"2026-05-06T12:27:00","modified_gmt":"2026-05-06T10:27:00","slug":"informacja-o-projekcie","status":"publish","type":"page","link":"https:\/\/projekt.pociagdokariery.pl\/cms\/informacja-o-projekcie\/","title":{"rendered":"Informacja o projekcie"},"content":{"rendered":"\t\t<div data-elementor-type=\"wp-page\" data-elementor-id=\"6360\" class=\"elementor elementor-6360\">\n\t\t\t\t<div class=\"elementor-element elementor-element-1bdfd7b3 e-con-full e-flex e-con e-parent\" data-id=\"1bdfd7b3\" data-element_type=\"container\" data-e-type=\"container\">\n\t\t\t\t<div class=\"elementor-element elementor-element-57de6d60 elementor-widget elementor-widget-heading\" data-id=\"57de6d60\" data-element_type=\"widget\" data-e-type=\"widget\" data-widget_type=\"heading.default\">\n\t\t\t\t<div class=\"elementor-widget-container\">\n\t\t\t\t\t<h2 class=\"elementor-heading-title elementor-size-default\">Informacja o projekcie<\/h2>\t\t\t\t<\/div>\n\t\t\t\t<\/div>\n\t\t\t\t<div class=\"elementor-element elementor-element-199777d5 elementor-widget-divider--view-line elementor-widget elementor-widget-divider\" data-id=\"199777d5\" data-element_type=\"widget\" data-e-type=\"widget\" data-widget_type=\"divider.default\">\n\t\t\t\t<div class=\"elementor-widget-container\">\n\t\t\t\t\t\t\t<div class=\"elementor-divider\">\n\t\t\t<span class=\"elementor-divider-separator\">\n\t\t\t\t\t\t<\/span>\n\t\t<\/div>\n\t\t\t\t\t\t<\/div>\n\t\t\t\t<\/div>\n\t\t\t\t<div class=\"elementor-element elementor-element-716ae5b6 elementor-widget elementor-widget-text-editor\" data-id=\"716ae5b6\" data-element_type=\"widget\" data-e-type=\"widget\" data-widget_type=\"text-editor.default\">\n\t\t\t\t<div class=\"elementor-widget-container\">\n\t\t\t\t\t\t\t\t\t<p>Data publikacji: 2024-04-05<br \/>Data modyfikacji: 2026-03-25<\/p>\t\t\t\t\t\t\t\t<\/div>\n\t\t\t\t<\/div>\n\t\t\t\t<\/div>\n\t\t<div class=\"elementor-element elementor-element-36e16139 e-flex e-con-boxed e-con e-parent\" data-id=\"36e16139\" data-element_type=\"container\" data-e-type=\"container\">\n\t\t\t\t\t<div class=\"e-con-inner\">\n\t\t\t\t<div class=\"elementor-element elementor-element-cc51497 elementor-widget elementor-widget-image\" data-id=\"cc51497\" data-element_type=\"widget\" data-e-type=\"widget\" data-widget_type=\"image.default\">\n\t\t\t\t<div class=\"elementor-widget-container\">\n\t\t\t\t\t\t\t\t\t\t\t\t\t\t\t<img decoding=\"async\" src=\"https:\/\/projekt.pociagdokariery.pl\/cms\/wp-content\/uploads\/2024\/06\/ulozenie-belek-ARTBOARDszerzej.svg\" class=\"attachment-full size-full wp-image-3957\" alt=\"Zestawienie logotyp\u00f3w zawieraj\u0105ce od lewej: znak Fundusze Europejskie dla Ma\u0142opolski, flaga Rzeczypospolitej Polskiej, flaga Unii Europejskiej z podpisem dofinansowane przez Uni\u0119 Europejsk\u0105, logotyp Ma\u0142opolska.\" \/>\t\t\t\t\t\t\t\t\t\t\t\t\t\t\t<\/div>\n\t\t\t\t<\/div>\n\t\t\t\t<div class=\"elementor-element elementor-element-5e891cb elementor-widget elementor-widget-text-editor\" data-id=\"5e891cb\" data-element_type=\"widget\" data-e-type=\"widget\" data-widget_type=\"text-editor.default\">\n\t\t\t\t<div class=\"elementor-widget-container\">\n\t\t\t\t\t\t\t\t\t<p>Projekt pn. <strong>\u201eMa\u0142opolski poci\u0105g do kariery \u2013 sezon 1&#8243;<\/strong> realizowany w ramach programu \u201eFundusze Europejskie dla Ma\u0142opolski 2021-2027&#8243;, Priorytet 6 Fundusze europejskie dla rynku pracy, edukacji i w\u0142\u0105czenia spo\u0142ecznego, Dzia\u0142anie 6.14 Kszta\u0142cenie os\u00f3b doros\u0142ych w systemie popytowym, typ A, jest wsp\u00f3\u0142finansowany przez Uni\u0119 Europejsk\u0105 ze \u015brodk\u00f3w Europejskiego Funduszu Spo\u0142ecznego Plus.<\/p><h3 style=\"margin-top: 20px;\">Realizator projektu<\/h3><p>Wojew\u00f3dzki Urz\u0105d Pracy w Krakowie, instytucja Wojew\u00f3dztwa Ma\u0142opolskiego.<\/p><h3 style=\"margin-top: 20px;\">Okres realizacji projektu<\/h3><p>01.01.2024 \u2013 31.12.2026<\/p><h3 style=\"margin-top: 20px;\">Cel i g\u0142\u00f3wne zadania projektu<\/h3><p>Celem projektu jest podnoszenie kompetencji i kwalifikacji os\u00f3b doros\u0142ych, kt\u00f3re z w\u0142asnej inicjatywy chc\u0105 skorzysta\u0107 z proponowanego im wsparcia.<\/p><p>Projekt oferuje us\u0142ugi z obszaru doradztwa zawodowego oraz dofinansowanie w formie bon\u00f3w do: szkole\u0144, studi\u00f3w podyplomowych, us\u0142ug o charakterze zawodowym, potwierdzania kwalifikacji, jak r\u00f3wnie\u017c innych us\u0142ug rozwojowych typu coaching i mentoring.<\/p><p>Pierwsz\u0105 form\u0105 wsparcia w projekcie jest Bilans Kariery Online, czyli diagnoza umiej\u0119tno\u015bci i potencja\u0142u zawodowego, realizowana przez Uczestnika samodzielnie lub przy wsparciu doradcy.<\/p><p>Uczestnicy mog\u0105 skorzysta\u0107 tak\u017ce z jednej z darmowych us\u0142ug specjalistycznych, takich jak: Bilans Kompetencji Pog\u0142\u0119biony, Assessment\/Development Center, Coaching Kariery lub warsztat\u00f3w rozwijaj\u0105cych kompetencje mi\u0119kkie: \u201eKa\u017cdy ma swoj\u0105 Mark\u0119 osobist\u0105 \u2013 jak wykorzysta\u0107 swoje mo\u017cliwo\u015bci?\u201d, \u201eWell-being \u2013 w \u017cyciu i pracy\u201d, oraz \u201eGlobalne trendy rynku pracy w lokalnej perspektywie\u201d.<\/p><p>Uczestnik projektu mo\u017ce otrzyma\u0107 dofinansowanie do us\u0142ug rozwojowych o warto\u015bci 5025 z\u0142, przy uwzgl\u0119dnieniu wk\u0142adu w\u0142asnego w wysoko\u015bci 502,50 z\u0142. <br \/>\u0141\u0105cznie na bony szkoleniowe dla uczestnik\u00f3w projektu planuje si\u0119 przeznaczy\u0107 ok. 74 milion\u00f3w z\u0142otych.<\/p><h3 style=\"margin-top: 20px;\">Grupa docelowa projektu<\/h3><h4>Do projektu przyjmowane s\u0105 osoby spe\u0142niaj\u0105ce \u0142\u0105cznie 3 warunki:<\/h4><ol><li>osoby pe\u0142noletnie (18-89 lat)<\/li><li>osoby zwi\u0105zane z Ma\u0142opolsk\u0105, czyli takie, kt\u00f3re mieszkaj\u0105 lub pracuj\u0105 w Ma\u0142opolsce<\/li><li>osoby pracuj\u0105ce<\/li><\/ol><h4>Za osoby pracuj\u0105ce s\u0105 uznawane osoby, kt\u00f3re:<\/h4><ul><li>s\u0105 zatrudnione na podstawie stosunku pracy unormowanego w Kodeksie Pracy lub umowy spe\u0142niaj\u0105cej przes\u0142anki umowy zlecenia lub umowy o dzie\u0142o,<\/li><li>posiadaj\u0105 obowi\u0105zuj\u0105ce powo\u0142anie do Terytorialnej S\u0142u\u017cby Wojskowej lub<\/li><li>s\u0105 aktywnymi cz\u0142onkami Ochotniczej Stra\u017cy Po\u017carnej,<\/li><li>s\u0105 rolnikami ubezpieczonymi w KRUS.<\/li><\/ul><p><strong>Osoby z niepe\u0142nosprawno\u015bciami mog\u0105 przyst\u0105pi\u0107 do projektu r\u00f3wnie\u017c jako osoby niepracuj\u0105ce.<\/strong><br \/>Do projektu nie s\u0105 przyjmowani przedsi\u0119biorcy (dotyczy to tak\u017ce os\u00f3b z niepe\u0142nosprawno\u015bciami).<\/p><h3 style=\"margin-top: 20px;\">Planowane efekty projektu<\/h3><p>G\u0142\u00f3wnym rezultatem projektu b\u0119dzie wsparcie 15 630 os\u00f3b z grupy docelowej w rozwoju kompetencji, z czego co najmniej 70% (10 941 os\u00f3b) uzyska kwalifikacje.<\/p><p>Zak\u0142adana liczba os\u00f3b doros\u0142ych obj\u0119tych us\u0142ugami rozwojowymi: 15 630, w tym:<\/p><ul><li>12 504 os\u00f3b powy\u017cej 25 roku \u017cycia<\/li><li>1 000 os\u00f3b 50+<\/li><li>500 os\u00f3b z niepe\u0142nosprawno\u015bciami lub o ograniczonej mobilno\u015bci<\/li><li>3 500 kobiet z niskim poziomem wykszta\u0142cenia (max. ISCED 4).<\/li><\/ul><h3>Warto\u015b\u0107 projektu<\/h3><p>110 000 000,00 z\u0142<\/p><h4>w tym wk\u0142ad funduszy europejskich:<\/h4><p>93 500 000,00 z\u0142<\/p><h3 style=\"margin-top: 20px;\">Kontakt<\/h3><p>Zesp\u00f3\u0142 projektowy \u201eMa\u0142opolski poci\u0105g do kariery \u2013 sezon 1&#8243;<br \/>Wojew\u00f3dzki Urz\u0105d Pracy w Krakowie<br \/>Plac Na Stawach 1<br \/>30-107 Krak\u00f3w<br \/>tel. 12 424 07 38<br \/>e-mail:\u00a0<a href=\"mailto:kariera@wup-krakow.pl\">kariera@wup-krakow.pl<\/a><\/p><p><span style=\"color: #3366ff;\">#FunduszeUE \u00a0#FunduszeEuropejskie<\/span><\/p>\t\t\t\t\t\t\t\t<\/div>\n\t\t\t\t<\/div>\n\t\t\t\t\t<\/div>\n\t\t\t\t<\/div>\n\t\t<div class=\"elementor-element elementor-element-6f7500e5 e-flex e-con-boxed e-con e-parent\" data-id=\"6f7500e5\" data-element_type=\"container\" data-e-type=\"container\">\n\t\t\t\t\t<div class=\"e-con-inner\">\n\t\t<div class=\"elementor-element elementor-element-4f80a2f9 e-con-full e-flex e-con e-child\" data-id=\"4f80a2f9\" data-element_type=\"container\" data-e-type=\"container\">\n\t\t\t\t<div class=\"elementor-element elementor-element-4928ba3d e-grid-align-left elementor-shape-rounded elementor-grid-0 elementor-widget elementor-widget-social-icons\" data-id=\"4928ba3d\" data-element_type=\"widget\" data-e-type=\"widget\" data-widget_type=\"social-icons.default\">\n\t\t\t\t<div class=\"elementor-widget-container\">\n\t\t\t\t\t\t\t<div class=\"elementor-social-icons-wrapper elementor-grid\">\n\t\t\t\t\t\t\t<span class=\"elementor-grid-item\">\n\t\t\t\t\t<a class=\"elementor-icon elementor-social-icon elementor-social-icon-share-alt elementor-repeater-item-0db8a3f\" target=\"_blank\">\n\t\t\t\t\t\t<span class=\"elementor-screen-only\">Share-alt<\/span>\n\t\t\t\t\t\t<svg aria-hidden=\"true\" class=\"e-font-icon-svg e-fas-share-alt\" viewBox=\"0 0 448 512\" xmlns=\"http:\/\/www.w3.org\/2000\/svg\"><path d=\"M352 320c-22.608 0-43.387 7.819-59.79 20.895l-102.486-64.054a96.551 96.551 0 0 0 0-41.683l102.486-64.054C308.613 184.181 329.392 192 352 192c53.019 0 96-42.981 96-96S405.019 0 352 0s-96 42.981-96 96c0 7.158.79 14.13 2.276 20.841L155.79 180.895C139.387 167.819 118.608 160 96 160c-53.019 0-96 42.981-96 96s42.981 96 96 96c22.608 0 43.387-7.819 59.79-20.895l102.486 64.054A96.301 96.301 0 0 0 256 416c0 53.019 42.981 96 96 96s96-42.981 96-96-42.981-96-96-96z\"><\/path><\/svg>\t\t\t\t\t<\/a>\n\t\t\t\t<\/span>\n\t\t\t\t\t<\/div>\n\t\t\t\t\t\t<\/div>\n\t\t\t\t<\/div>\n\t\t\t\t<\/div>\n\t\t<div class=\"elementor-element elementor-element-3f646516 e-con-full e-flex e-con e-child\" data-id=\"3f646516\" data-element_type=\"container\" data-e-type=\"container\">\n\t\t\t\t<\/div>\n\t\t\t\t\t<\/div>\n\t\t\t\t<\/div>\n\t\t\t\t<\/div>\n\t\t","protected":false},"excerpt":{"rendered":"<p>Informacja o projekcie Data publikacji: 2024-04-05Data modyfikacji: 2026-03-25 Projekt pn. \u201eMa\u0142opolski poci\u0105g do kariery \u2013 sezon 1&#8243; realizowany w ramach programu \u201eFundusze Europejskie dla Ma\u0142opolski 2021-2027&#8243;, Priorytet 6 Fundusze europejskie dla rynku pracy, edukacji i w\u0142\u0105czenia spo\u0142ecznego, Dzia\u0142anie 6.14 Kszta\u0142cenie os\u00f3b doros\u0142ych w systemie popytowym, typ A, jest wsp\u00f3\u0142finansowany przez Uni\u0119 Europejsk\u0105 ze \u015brodk\u00f3w Europejskiego [&hellip;]<\/p>\n","protected":false},"author":4,"featured_media":0,"parent":0,"menu_order":0,"comment_status":"closed","ping_status":"closed","template":"","meta":{"_acf_changed":false,"site-sidebar-layout":"no-sidebar","site-content-layout":"page-builder","ast-site-content-layout":"full-width-container","site-content-style":"default","site-sidebar-style":"default","ast-global-header-display":"","ast-banner-title-visibility":"","ast-main-header-display":"","ast-hfb-above-header-display":"","ast-hfb-below-header-display":"","ast-hfb-mobile-header-display":"","site-post-title":"disabled","ast-breadcrumbs-content":"","ast-featured-img":"disabled","footer-sml-layout":"","ast-disable-related-posts":"","theme-transparent-header-meta":"","adv-header-id-meta":"","stick-header-meta":"","header-above-stick-meta":"","header-main-stick-meta":"","header-below-stick-meta":"","astra-migrate-meta-layouts":"set","ast-page-background-enabled":"default","ast-page-background-meta":{"desktop":{"background-color":"var(--ast-global-color-4)","background-image":"","background-repeat":"repeat","background-position":"center center","background-size":"auto","background-attachment":"scroll","background-type":"","background-media":"","overlay-type":"","overlay-color":"","overlay-opacity":"","overlay-gradient":""},"tablet":{"background-color":"","background-image":"","background-repeat":"repeat","background-position":"center center","background-size":"auto","background-attachment":"scroll","background-type":"","background-media":"","overlay-type":"","overlay-color":"","overlay-opacity":"","overlay-gradient":""},"mobile":{"background-color":"","background-image":"","background-repeat":"repeat","background-position":"center center","background-size":"auto","background-attachment":"scroll","background-type":"","background-media":"","overlay-type":"","overlay-color":"","overlay-opacity":"","overlay-gradient":""}},"ast-content-background-meta":{"desktop":{"background-color":"var(--ast-global-color-5)","background-image":"","background-repeat":"repeat","background-position":"center center","background-size":"auto","background-attachment":"scroll","background-type":"","background-media":"","overlay-type":"","overlay-color":"","overlay-opacity":"","overlay-gradient":""},"tablet":{"background-color":"var(--ast-global-color-5)","background-image":"","background-repeat":"repeat","background-position":"center center","background-size":"auto","background-attachment":"scroll","background-type":"","background-media":"","overlay-type":"","overlay-color":"","overlay-opacity":"","overlay-gradient":""},"mobile":{"background-color":"var(--ast-global-color-5)","background-image":"","background-repeat":"repeat","background-position":"center center","background-size":"auto","background-attachment":"scroll","background-type":"","background-media":"","overlay-type":"","overlay-color":"","overlay-opacity":"","overlay-gradient":""}},"footnotes":""},"class_list":["post-6360","page","type-page","status-publish","hentry"],"acf":[],"_links":{"self":[{"href":"https:\/\/projekt.pociagdokariery.pl\/cms\/wp-json\/wp\/v2\/pages\/6360","targetHints":{"allow":["GET"]}}],"collection":[{"href":"https:\/\/projekt.pociagdokariery.pl\/cms\/wp-json\/wp\/v2\/pages"}],"about":[{"href":"https:\/\/projekt.pociagdokariery.pl\/cms\/wp-json\/wp\/v2\/types\/page"}],"author":[{"embeddable":true,"href":"https:\/\/projekt.pociagdokariery.pl\/cms\/wp-json\/wp\/v2\/users\/4"}],"replies":[{"embeddable":true,"href":"https:\/\/projekt.pociagdokariery.pl\/cms\/wp-json\/wp\/v2\/comments?post=6360"}],"version-history":[{"count":40,"href":"https:\/\/projekt.pociagdokariery.pl\/cms\/wp-json\/wp\/v2\/pages\/6360\/revisions"}],"predecessor-version":[{"id":11124,"href":"https:\/\/projekt.pociagdokariery.pl\/cms\/wp-json\/wp\/v2\/pages\/6360\/revisions\/11124"}],"wp:attachment":[{"href":"https:\/\/projekt.pociagdokariery.pl\/cms\/wp-json\/wp\/v2\/media?parent=6360"}],"curies":[{"name":"wp","href":"https:\/\/api.w.org\/{rel}","templated":true}]}}